 i(j) = -5*j**3 + 3*j**2 + 6*j + 6. Let n = -13 - -9. Let a be i(n). Let k = 507 - a. Is k a prime number?
True
Suppose 0 = -0*d + 4*d + 8. Let o be d - 1/(3/6). Is 1538/(-5)*10/o a prime number?
True
Let n = 23 + -53. Let r = -40 - n. Is (-5)/r*-6 - -257 composite?
True
Is (-30)/(-20) - (-15789)/6 a composite number?
False
Let s(v) = 10*v**2 + 2*v + 5. Suppose 5*y + 5*z - 155 = 0, 5*y - 2*z + 84 = 225. Suppose 3*h = -3, -5*o - h = -o + y. Is s(o) prime?
False
Suppose -b = -4*u + 3*b + 307996, -5*u + 2*b + 384995 = 0. Is u a prime number?
False
Let l(o) be the second derivative of 0 - 11*o - 61/2*o**3 + 2*o**2. Is l(-3) a prime number?
False
Let a be (85 + -81)/(1 + 125/(-127)). Suppose -7*s - a = -9*s. Is s a composite number?
False
Let m(k) be the third derivative of -k**6/120 + 7*k**5/15 - 17*k**4/12 + 23*k**3/6 + 25*k**2. Is m(24) prime?
True
Suppose 237*s - 234*s - 42855 = 0. Is s prime?
False
Suppose 0 = 3*n + 51 - 66. Let l be ((-9)/(-6))/((-6)/(-80)). Let h = l + n. Is h a composite number?
True
Is (-36 + 38)/((-2)/(-4211)) a prime number?
True
Let c be (-2)/(-8) + 467/4. Let r be (-1 + 3)*-2 - -14. Let l = r + c. Is l a composite number?
False
Suppose 18 = -8*v - 14. Is -2 + (v - 0) + 197 composite?
False
Is 3/((-18)/103142)*(-180)/60 composite?
True
Suppose 2*h + 39 = f - 3*h, 0 = -f + 4*h + 38. Suppose 3*i = f + 383. Let u = -33 + i. Is u prime?
False
Suppose 4*k - 3*f - 1481 = 0, -f + 1483 = 4*k - 2*f. Let i = k + 6. Is i prime?
False
Let q be 1/(-2) - 35/2. Let s(v) = v**2 + 6*v - 1. Is s(q) composite?
True
Let b = -10717 - -16316. Is b composite?
True
Suppose 12 = -6*r - 0. Let t be (-30)/(-10) - r/(-2). Suppose 0*j + t*j = -4*p + 1354, 2*j - 6 = 0. Is p a composite number?
False
Let k(q) = -215*q**3 + 1 - 20*q + q**2 + 22*q - 834*q**3. Is k(-1) a composite number?
False
Let s(l) = 6*l**3 + 11*l**2 - 8*l + 68. Is s(9) prime?
True
Let h(r) = 6*r**2 + 21*r - 261. Is h(-22) a prime number?
False
Let m be (40/(-50))/(9/(-15) + 1). Is 920 + m - (-3 + 0) prime?
False
Suppose -x = -6*z - 51157, -11*x + 8*x - 3*z + 153576 = 0. Is x composite?
True
Let m = 305 + -54. Is m a composite number?
False
Let r be (-3)/(-6)*48/(-4). Let b(j) = -j**3 - 3*j**2 - 4. Let v be b(r). Let l = -39 + v. Is l a prime number?
False
Let j(u) = 2 + 3 - 6 + u**2. Let g be j(-2). Suppose 4*l - 358 = -g*y - 134, -63 = -l + y. Is l prime?
True
Suppose 5*f = -3*a + 6, 12 = -2*a + 5*f - 9. Is (3491/3)/(5/a + 2) prime?
True
Let b = -31 + 15. Let q be 92*2/(b/(-148)). Is -3*(q/(-6) - -4) a composite number?
False
Let p be (-36)/(-6) - ((0 - -2) + 2). Is (2/3)/(p/2517) a prime number?
True
Let x(p) = 292*p + 1413*p + 595*p - 7 - 368*p. Is x(3) composite?
True
Let b be 1*(-4)/16*0. Suppose 4*s + 2*s - 8286 = b. Is s a composite number?
False
Is (-9091)/3*(-6 - -3) composite?
False
Let d be 6/8 - (-40)/32. Let v(z) = 4 - 1 - 2 + 146*z**d + 2*z. Is v(-1) a composite number?
True
Let s(k) = -3*k + 8. Let g be s(5). Let r be ((-1)/3)/(g/63). Suppose -r*t - 2*p + 6*p = -335, 4*t + p - 434 = 0. Is t prime?
True
Let v(u) = -3*u + 6. Let j be v(-5). Let c = j - 16. Let p(g) = g**3 - 2*g**2 - 8*g + 4. Is p(c) a prime number?
False
Let h(y) = 9*y**3 + 6*y**2 + y - 19. Let d(i) = 4*i**3 + 3*i**2 - 9. Let f(u) = -5*d(u) + 2*h(u). Is f(-4) prime?
True
Let a(b) = -2*b**2 - 5*b - 2. Let c be (0 - -15)*(-1)/3. Let p be a(c). Let o = -20 - p. Is o prime?
True
Let f be 7 - (-1 - 0) - 0. Let x be (f - -4)/(-1 - -3). Is (44/x + -3)*3 a composite number?
False
Let x(d) = 10*d**2 - 2*d - 3. Let y(w) = 10*w**2 - w - 2. Let k(r) = -3*x(r) + 4*y(r). Is k(4) a composite number?
True
Let q(i) = -3*i**3 - 6*i**2 - 6*i + 3. Let z be q(5). Let v = z + 923. Is v prime?
False
Is 6074*(9/(-2) + 1 + 4) composite?
False
Let v(g) = 188*g + 173. Is v(10) a prime number?
True
Suppose 3*r - 555 - 153 = -2*f, -5*f + 2*r + 1732 = 0. Let n = f + -125. Is n composite?
False
Suppose 0 = -3*z - 2*z. Suppose 5*k + 247 = 3*p, 2*p - 2*k - 158 = -z*k. Let t = p - -13. Is t a composite number?
True
Let a(f) = 10*f**2 + 24*f + 208. Is a(-23) a composite number?
True
Let m(q) = q**3 - 3*q**2 - 3*q - 1. Let v be m(4). Suppose -w + v*p = 5 - 2, 0 = -3*p + 6. Is 52*((-102)/(-8))/w prime?
False
Suppose 2*f - 11983 = 5*b, 0*f + 23957 = 4*f - b. Is f prime?
False
Suppose 95492 = 2*c + 12958. Is c composite?
True
Suppose -4*m - 3*f + 767 = -6*f, 4*m = -f + 763. Is m composite?
False
Let k(r) = 36*r**2 - 7*r - 4. Is k(3) a prime number?
False
Suppose 0 = 7*o + 2*o. Suppose -y = 2*t - 111, 2*t - 4*t + 4*y + 106 = o. Is t prime?
False
Suppose 3*p + p - 1242 = -5*x, -6 = 3*p. Suppose -2220 + x = -5*h. Is h a prime number?
False
Let b = -16 - -21. Let w = -3 + b. Suppose -4*v + 1986 = w*j, v + 484 = 2*v + 3*j. Is v a composite number?
False
Suppose 2*b - 7*b + 38 = -d, -b + d = -10. Suppose 3*m = b*m - 1524. Is m a composite number?
True
Let d(w) = 6*w**3 + w**2 + 2*w + 1. Let x be d(-1). Let h(g) = 3*g**3 + 9*g**2 + 8*g + 8. Let q be h(x). Is q/(-16)*(0 - -4) a prime number?
False
Suppose 0*l - l + 66 = 0. Let a be (-8)/20 + l/15. Suppose -w - 4*w + 340 = 5*j, a*j = -2*w + 134. Is w a prime number?
False
Suppose 25*n = 1105247 + 19628. Is n composite?
True
Let q(u) = 11*u**2 - 12*u + 13. Let t be q(7). Let o = t + -65. Is o composite?
True
Suppose -3*o + 5*l = -6*o + 40, 5*o + l - 30 = 0. Let r(w) = -92*w - 8. Let i be r(-3). Suppose -o*u + i = -u. Is u a composite number?
False
Let s be -293*(10/5 - 24). Suppose 0 = -7*f + 14631 + s. Is f prime?
True
Let v(g) = g + 1. Let k(b) = 53*b + 27. Let j(t) = k(t) - 4*v(t). Is j(20) prime?
False
Let m = 8460 - 379. Is m prime?
True
Let m = 259 + -188. Is m a prime number?
True
Let k(z) = -922*z + 27. Is k(-5) a composite number?
False
Suppose 0 = 9*h - 57296 - 129346. Is h a prime number?
False
Let f be 1/3*(52/4 + 2). Suppose 0*v = f*v - 4*p - 4479, 4*p = -4. Is v a composite number?
True
Is ((-9)/(-6))/((-69)/(-62606)) composite?
False
Suppose 0 = 2*b - 2*a - 2, -2*b - b + 5*a = -5. Suppose -5*i = -3*j + 6*j - 9243, b = 3*i + 3*j - 5547. Is 1/(-2) + i/16 prime?
False
Suppose -12*r - 4*s + 11379 = -7*r, 4*s = r - 2295. Is r composite?
True
Suppose -3*h + 2*h = 0. Let s(z) = z + 2. Let i be s(h). Suppose 5*w + 96 + 24 = i*c, -3*c + 163 = w. Is c prime?
False
Let t = 10891 - 7247. Suppose -4*w - t = 520. Let f = -476 - w. Is f prime?
False
Let k(j) = -j**3 + 25*j**2 + j**2 + 11*j - 6*j**2 + 9*j - 10. Is k(19) prime?
False
Is (-1100853)/(-91) - (-1 + 9/7) prime?
True
Let o = -7280 + 11311. Is o composite?
True
Let h(u) = -3*u**2 + u + 5 + 2*u**2 + 4*u. Let g be h(6). Is -3 - (-423 - (g - 0)) a prime number?
True
Suppose 15*c - 80*c + 34645 = 0. Is c composite?
True
Let f(n) = 14*n**2 - 4*n - 1. Suppose 5*j = 106 + 19. Let o = -23 + j. Is f(o) composite?
False
Let t = 7531 + -4154. Is t composite?
True
Let x(w) = -770*w - 331. Is x(-18) a prime number?
False
Let s(o) = -6 + 0 + 10 + 1 - 5*o. Suppose -2*b = 3*b + 2*z + 14, -5*b = -z + 23. Is s(b) a prime number?
False
Is 36/90 + (-1020115)/(-25) a prime number?
False
Suppose 57551 = -7*v + 163678. Is v a prime number?
True
Let c = 14735 + -5694. Is c a prime number?
True
Suppose 544 + 19562 = 18*x. Is x prime?
True
Let t(s) = s**2 - 47*s - 421. Is t(-72) composite?
False
Let a = -26 + 32. Is 6850/a - (-4)/(-6) a prime number?
False
Let w(x) = x**2 - 40*x - 13. Let d be w(-16). Let q = d - -1630. Is q composite?
True
Is 2/8 + ((-331869)/(-12) - 9) a composite number?
False
Let b(u) = -3*u - 4011. Let p be b(0). Is (14/(-21))/(2/p) composite?
True
Let q = -7 + 12. Let b = q + 0. Suppose -b*s + s = -268. Is s a composite number?
False
Let w = 11 - 6. Suppose -5452 = -2*o + w*y, 5*o - 4*y + 10876 = 9*o. Is o composite?
True
Let w(l) = -4*l. Let r be w(-1). Suppose -45 = -5*j - 5*a, -22 = -2*j - r*a + 4. Suppose 0 = -5*f + j*d + 1020, 4*f - 2*d = -4*d + 810. Is f a prime number?
False
Suppose 2*n = -5*f + 5585, 0 = f + 24*n - 22*n - 1117. Is f a prime number?
True
Let o = -8 - 5. Let l be -2 - (-1)/(-3)*0. Let p = l - o. Is p composite?
False
Let f(t) = -t**3 + 6*t**2 - 15*t - 14. Let g be f(-10). Suppose 5*y = q + g, 3*q = -0 - 3. Is y composite?
False
Let z = 46 - 89. Let q = z + 96. Is q composite?
False
Let d be 517/55 + 6/(-15). Is (-6)/